ded by 1332678.
329
Calculate the remainder when 627493 is divided by 125299.
998
What is the remainder when 892020 is divided by 4191?
3528
What is the remainder when 2068423 is divided by 87?
85
What is the remainder when 661299 is divided by 9314?
5
Calculate the remainder when 1438727 is divided by 24385.
12
Calculate the remainder when 107080 is divided by 25.
5
Calculate the remainder when 9410455 is divided by 52.
15
Calculate the remainder when 1793717 is divided by 4955.
7
Calculate the remainder when 937405 is divided by 388.
385
What is the remainder when 5201974 is divided by 885?
829
Calculate the remainder when 2157812 is divided by 1878.
1868
What is the remainder when 138427221 is divided by 10510?
11
What is the remainder when 571744 is divided by 864?
640
What is the remainder when 988195 is divided by 446?
305
What is the remainder when 702503 is divided by 41?
9
Calculate the remainder when 344931 is divided by 38321.
42
What is the remainder when 33007681 is divided by 11002556?
13
What is the remainder when 199856 is divided by 99922?
12
Calculate the remainder when 2322905 is divided by 165919.
39
What is the remainder when 324712 is divided by 81024?
616
Calculate the remainder when 1285143 is divided by 13967.
179
What is the remainder when 3240370 is divided by 14864?
18
Calculate the remainder when 1388368 is divided by 694181.
6
Calculate the remainder when 313472 is divided by 2373.
236
Calculate the remainder when 792612977 is divided by 1081.
1076
Calculate the remainder when 277004 is divided by 69239.
48
What is the remainder when 8371060 is divided by 1736?
68
What is the remainder when 4788865 is divided by 87?
37
Calculate the remainder when 862191 is divided by 1071.
36
What is the remainder when 80705187 is divided by 6?
3
Calculate the remainder when 3035816 is divided by 24.
8
Calculate the remainder when 4087829 is divided by 21.
11
What is the remainder when 10893485 is divided by 692?
21
What is the remainder when 2725780 is divided by 71731?
2
What is the remainder when 22807 is divided by 7601?
4
What is the remainder when 991406 is divided by 110153?
29
What is the remainder when 89478888 is divided by 87?
84
Calculate the remainder when 334442 is divided by 111467.
41
Calculate the remainder when 490879 is divided by 163385.
724
Calculate the remainder when 7975343 is divided by 95.
93
What is the remainder when 60837 is divided by 740?
157
What is the remainder when 3151946 is divided by 64325?
21
What is the remainder when 1240636 is divided by 10788?
16
Calculate the remainder when 2775988 is divided by 804.
580
Calculate the remainder when 947824 is divided by 6582.
16
Calculate the remainder when 1424309 is divided by 384.
53
Calculate the remainder when 226029959 is divided by 3672.
3671
What is the remainder when 459033 is divided by 1290?
1083
What is the remainder when 4628159 is divided by 64?
63
Calculate the remainder when 2604084 is divided by 1302032.
20
What is the remainder when 44416645 is divided by 34?
31
Calculate the remainder when 73212 is divided by 21.
6
What is the remainder when 3153961 is divided by 37?
7
What is the remainder when 16062621 is divided by 4015644?
45
Calculate the remainder when 592499 is divided by 763.
411
Calculate the remainder when 1659312 is divided by 98.
74
Calculate the remainder when 2568565 is divided by 134.
53
Calculate the remainder when 4830243 is divided by 29633.
64
What is the remainder when 34288278 is divided by 5487?
15
Calculate the remainder when 1068449 is divided by 3890.
2589
Calculate the remainder when 100453973 is divided by 5909056.
21
What is the remainder when 19508594 is divided by 177?
8
Calculate the remainder when 9173 is divided by 40.
13
Calculate the remainder when 11310569 is divided by 3770185.
14
Calculate the remainder when 247437354 is divided by 2939.
5
What is the remainder when 592476 is divided by 118487?
41
What is the remainder when 3145762 is divided by 24013?
59
Calculate the remainder when 513686 is divided by 160.
86
Calculate the remainder when 24270144 is divided by 226.
4
Calculate the remainder when 45678538 is divided by 4735.
4728
What is the remainder when 8406387 is divided by 3562?
67
What is the remainder when 39305 is divided by 31753?
7552
What is the remainder when 2213002 is divided by 737646?
64
Calculate the remainder when 28902 is divided by 3904.
1574
What is the remainder when 1867843 is divided by 622610?
13
Calculate the remainder when 32754 is divided by 1298.
304
What is the remainder when 1653473 is divided by 2906?
2865
What is the remainder when 1363411 is divided by 272641?
206
Calculate the remainder when 9710048 is divided by 3236659.
71
Calculate the remainder when 7202969 is divided by 1473.
1472
Calculate the remainder when 1015741 is divided by 338532.
145
Calculate the remainder when 64540622 is divided by 7.
6
What is the remainder when 234635 is divided by 321?
305
What is the remainder when 108356 is divided by 4334?
6
Calculate the remainder when 6488446 is divided by 24.
22
What is the remainder when 1591036 is divided by 299?
57
Calculate the remainder when 2420937 is divided by 2419714.
1223
What is the remainder when 93144231 is divided by 13?
11
What is the remainder when 4242171 is divided by 317?
77
Calculate the remainder when 63665 is divided by 156.
17
Calculate the remainder when 91607072 is divided by 1501755.
17
Calculate the remainder when 10379189 is divided by 737.
18
What is the remainder when 191530 is divided by 95746?
38
What is the remainder when 3596415 is divided by 256877?
137
What is the remainder when 1810361 is divided by 905161?
39
What is the remainder when 3566163 is divided by 713224?
43
Calculate the remainder when 177456 is divided by 2610.
2586
What is the remainder when 620 is divided by 16?
12
Calculate the remainder when 752815 is divided by 11396.
679
Calculate the remainder when 72199242 is divided by 24066411.
9
Calculate the remainder when 79112846 is divided by 182.
176
What is the remainder when 21343148 is divided by 77051?
21
Calculate the remainder when 6917851 is divided by 33911.
7
What is the remainder when 5324 is divided by 1019?
229
Calculate the remainder when 246978 is divided by 417.
114
What is the remainder when 14985776 is divided by 471?
440
What is the remainder when 5511350 is divided by 68041?
29
What is the remainder when 1806637 is divided by 212?
185
Calculate the remainder when 15312 is divided by 2570.
2462
What is the remainder when 14236029 is divided by 206318?
87
What is the remainder when 3684823 is divided by 26?
25
Calculate the remainder when 5308686 is divided by 884773.
48
Calculate the remainder when 440090 is divided by 803.
46
What is the remainder when 520315 is divided by 2122?
425
Calculate the remainder when 1322013886 is divided by 16.
14
Calculate the remainder when 6931634 is divided by 2310539.
17
What is the remainder when 733856 is divided by 562?
446
Calculate the remainder when 258610 is divided by 28727.
67
What is the remainder when 2299161 is divided by 328450?
11
What is the remainder when 41422199 is divided by 107?
38
Calculate the remainder when 392861 is divided by 1327.
69
Calculate the remainder when 393341 is divided by 42.
11
Calculate the remainder when 18785564 is divided by 862.
860
What is the remainder when 1731505 is divided by 98?
41
Calculate the remainder when 37043 is divided by 12313.
104
Calculate the remainder when 185533 is divided by 7722.
205
Calculate the remainder when 13004373 is divided by 11790.
3
What is the remainder when 305466 is divided by 1963?
1201
What is the remainder when 21309628 is divided by 2421?
2407
Calculate the remainder when 1339767 is divided by 9114.
9
What is the remainder when 47300 is divided by 22890?
1520
Calculate the remainder when 136522 is divided by 2284.
1766
What is the remainder when 14658 is divided by 830?
548
What is the remainder when 8335727 is divided by 5?
2
Calculate the remainder when 14407884 is divided by 135.
9
What is the remainder when 16880 is divided by 4148?
288
What is the remainder when 1873919 is divided by 208213?
2
What is the remainder when 7734088 is divided by 91?
89
Calculate th